pose 4*z - 4 = u*m, z = 4*z - c. List the prime factors of m.
2
Let r be -3 + -12*2/(-4). Suppose -79 = -r*m - 22. List the prime factors of m.
19
Let y = 9 + 44. What are the prime factors of y?
53
Let u be 0 - (-1 - 13) - -2. Let l = u + -24. List the prime factors of l/(-2)*(-17)/(-4).
17
Let k(s) = -s**3 - 25*s**2 + 10*s - 24. List the prime factors of k(-26).
2, 7
Let g = -1 + 7. Suppose 4*w = -h + 5, -w + h - g = -6*w. Suppose -i + 19 = -3*b, -3*i - 4*b = -w + 9. List the prime factors of i.
2
Suppose -k + 4*k = 0. Suppose 3*r + 4*v - 60 = -k*v, 3*r + 5*v = 63. Suppose 0*n + 4*g - r = -3*n, n - 16 = 4*g. What are the prime factors of n?
2
Let r be 3/(-4) - (-420)/(-16). Let v be 1 + -1 - 12/2. List the prime factors of 1/((v/r)/2).
3
Let v(p) = -p**2 - 7*p - 5. Let n be (-3)/2*10/3. Let j be v(n). Suppose 0 = -5*d + 4*z + 76, -4*z + 84 = -0*d + j*d. What are the prime factors of d?
2
Suppose 6 = -3*j + 3*l, 2*j + 2*l = -0*l - 4. Let n be 0 + (-3 + j - 0). Let c = 15 + n. List the prime factors of c.
2, 5
Let r = -24 - -141. What are the prime factors of r?
3, 13
Suppose 7*p - 468 = 743. What are the prime factors of p?
173
Let u = -78 - -103. What are the prime factors of u?
5
Suppose 0 = -3*c + 6, -c + 74 + 363 = 3*p. List the prime factors of p.
5, 29
Suppose -u + 5*u = -b - 8, 4*u = -4*b - 8. List the prime factors of (u/4)/((-2)/24).
2, 3
Suppose -s = -0*s - 5. Suppose s*g = -15 + 200. What are the prime factors of g?
37
Suppose 0*t - 15 = -5*b - t, -15 = 3*t. Suppose -2*s + b = 2*i, 2*i = -2*i - 5*s + 7. What are the prime factors of i?
3
Suppose 3*d + 3*m - 3 = 0, 4 = -5*d + 4*m + 18. Suppose 5*i - d = 38. List the prime factors of i.
2
Let p = -3 + 3. Suppose 4*j = -p*j + 64. Suppose 8 = -x + 5*a, -2*x + 3*a = a - j. What are the prime factors of x?
2, 3
Let q be 8*((-23)/(-4) - 2). Suppose 5*f - 25 = q. What are the prime factors of f?
11
Suppose -2*n + 212 = 4*o, 0 = -2*n - n - 5*o + 316. What are the prime factors of n?
2, 3, 17
Let r be (-4)/20 + (-1)/(-5). Suppose -l - 3*l + 16 = r. Suppose 3*j = 3*a + l + 2, a + 10 = 5*j. List the prime factors of j.
2
Let n(s) be the first derivative of -s**5/60 - s**4/24 + s**3/3 - 1. Let x(k) be the third derivative of n(k). List the prime factors of x(-5).
3
Let h be 2/(-8) + (-27)/(-12). What are the prime factors of (h/(-2))/((-1)/3)?
3
Let g be (-4 - -21) + (1 - 1). Suppose -g + 6 = -d. List the prime factors of d.
11
Suppose 3*x - 707 = -2*t, 0*t - 1745 = -5*t - 3*x. What are the prime factors of t?
2, 173
Let w(r) = -r**3 + 18*r**2 - 4*r - 5. What are the prime factors of w(5)?
2, 3, 5
Suppose -2*q = -i + 4 + 7, 2*q + 4*i + 16 = 0. Let l be -1 + -6*3/q. Suppose -l*n + 33 - 7 = 5*v, -2*n = -3*v + 6. What are the prime factors of n?
3
Let t = 429 - 247. What are the prime factors of t?
2, 7, 13
Let i be 4 + 1/((-1)/2). Suppose 21 + 20 = 3*g - 5*f, -i*g - 5*f + 19 = 0. What are the prime factors of g?
2, 3
Let u be (1 - 0) + 23 + 4. Let m be u/36 + 2/9. List the prime factors of m/2 - (-78)/12.
7
Let j(y) = 11*y**3 + 2*y**2 - 2*y + 1. Let s be j(1). Suppose 2*v = -2 + s. List the prime factors of v.
5
Suppose 8*j + 10 = 10*j. Suppose -4*c + 17 = 3*r, -2*c + 36 = j*r - 3*c. List the prime factors of r.
7
Let i = -7 + 6. Let p(j) be the first derivative of 4*j**3 - j - 1. What are the prime factors of p(i)?
11
Let l = 0 + 0. Let q = -6 + 16. Suppose l = 3*v - 2*c - 3 - 16, -2*v + q = -4*c. List the prime factors of v.
7
Let s(d) = -2*d - 9. Let j be (-3)/9 - (-25)/3. Let t be s(j). Let f = 36 + t. List the prime factors of f.
11
Let x = 29 + -21. Let f = x + 13. List the prime factors of f.
3, 7
Let b be (-76)/18 - 4/(-18). Let r = -1 - b. Suppose -r*a + 3*w = -9, a + 0 = 2*w - 2. What are the prime factors of a?
2
Let r(x) = x**3 - 16*x**2 - 24*x - 4. What are the prime factors of r(18)?
2, 53
Suppose -5*q = 2*i - 347, -5*i - 77 = q - 956. What are the prime factors of i?
2, 11
Let p = 12 + -5. What are the prime factors of (21 - p) + -3 + 0?
11
Let w(o) be the third derivative of 0 - 1/6*o**3 + 0*o - 2*o**2 + 1/2*o**4. List the prime factors of w(1).
11
Let s be 0/(-1 + 1 + 1). Let c = s + -14. Let o = c + 24. List the prime factors of o.
2, 5
Let u = 197 + -117. Let q(n) = -n**2 - 5*n - 4. Let f be q(-4). Suppose f = 2*t, -x + 5*x + t = u. What are the prime factors of x?
2, 5
What are the prime factors of 2*(-2)/2 + (18 - -96)?
2, 7
Let z(x) = -x**3 - 3*x**2 + 5*x + 8. Let j be z(-4). Let w be 2/(1 + -3) + 10. Let b = w + j. What are the prime factors of b?
13
Suppose -d - 5 - 1 = 0. Let i be (3/d)/((-1)/12). Suppose 4*g + 6 = i*g. List the prime factors of g.
3
Let u be ((-6)/(-4))/3*-2. Let q be -1*(u/(-1) + 0). Let j(a) = -2*a. What are the prime factors of j(q)?
2
Suppose 2*g - 61 = -5*i, 2*i - 7*i - 3*g = -59. Suppose 4*r = i + 43. What are the prime factors of r?
2, 7
Let q(f) = -7*f - 3. Let v(j) = 4*j + 1. Let y(r) = -6*q(r) - 10*v(r). Let p be y(-6). List the prime factors of (p/8)/(1/(-16)).
2
Suppose 47 - 117 = -3*s + a, a + 47 = 2*s. What are the prime factors of s?
23
Let b(x) = x**2 - x + 3. List the prime factors of b(6).
3, 11
Suppose 3*u - 8 + 2 = -5*w, -u + 2*w = -2. What are the prime factors of u?
2
Let r(j) = 3*j**2 + j. List the prime factors of r(2).
2, 7
Suppose 7 - 3 = 4*l. Let n be -1*-1*l*8. Let x = n + 2. What are the prime factors of x?
2, 5
Let c = 56 - -7. List the prime factors of c.
3, 7
List the prime factors of 14 + 1*(0 - 1).
13
Let t(s) = -8*s - 13. Let h be t(-9). Let m = h - 31. List the prime factors of m.
2, 7
Let m(c) = c**3 + c**2 + c + 384. What are the prime factors of m(0)?
2, 3
Suppose -3*s + 9 = -5*v, 3*v = s - 0*s - 3. Suppose 0 = s*n - 24 + 9. List the prime factors of n.
5
Let x be (-1)/(-2) + 53/2. Suppose 2*c + 2*u - 4 = 0, 0 = -c + 2*u - 5*u. What are the prime factors of 3/(x/30)*c?
2, 5
Suppose -2*r - 3*s + 64 = 0, -4*s = -5*r - 8*s + 174. List the prime factors of r.
2, 19
Let i = 175 + -113. What are the prime factors of i?
2, 31
Suppose 4*j - 5*d - 151 = -8*d, -2*j + 93 = 5*d. What are the prime factors of j?
2, 17
Let a be ((-1)/(-5))/(1/5). What are the prime factors of (-8 - a)*6/(-9)?
2, 3
Suppose 45*s + 871 = 58*s. List the prime factors of s.
67
Suppose -p + 33 = -3*n, 0*p = -4*p + 5*n + 97. Suppose 4*m = 0, -2*m + 4*m + 48 = -4*l. Let a = l + p. List the prime factors of a.
2, 3
Let m(d) = -d**2 + 4*d**2 - 5*d + 3*d. Suppose -3*n - y = -10, y - 4 = n - 2. List the prime factors of m(n).
2
Let n = -25 - -66. List the prime factors of n.
41
Suppose 0 = 4*s - 2*r - 1 - 63, 4*r - 32 = -2*s. What are the prime factors of s?
2
Let d(z) be the third derivative of z**4/24 - 4*z**3/3 - 2*z**2. Let m be d(6). List the prime factors of 8 - 2*1/m.
3
Let n(m) = -48*m - 2. List the prime factors of n(-5).
2, 7, 17
Let k = -21 + 35. Let h = 42 - 22. Let r = h - k. List the prime factors of r.
2, 3
Let o = 44 + -30. What are the prime factors of 4/o - 192/(-14)?
2, 7
Suppose -4*p = -5*z - 290, 5*p - z + 127 = 500. List the prime factors of p.
3, 5
Let y(u) = -5*u**3 - u - 26. Let m(r) = 6*r**3 + r + 27. Let x(j) = -4*m(j) - 5*y(j). Let w be 0/(-1)*(-18)/36. List the prime factors of x(w).
2, 11
Let s = 11 - 12. What are the prime factors of (-2 + s)*96/(-9)?
2
Let f = -23 + 15. Let a(y) = 4*y + 11. Let b be a(f). Let i = -11 - b. What are the prime factors of i?
2, 5
Let q(a) = 4*a**2 - 10*a + 2. List the prime factors of q(8).
2, 89
Let g be 2/(-5) - 32/20. List the prime factors of (g/4)/((-5)/120).
2, 3
Suppose q + 12 = w + 3*q, 4*q = 4. Let h be (48/(-10))/((-3)/w). Suppose 2*g + h = 6*g. What are the prime factors of g?
2
Suppose -2*v - 7 = 5*h + 20, -5*v = 5*h + 15. Let f(r) = -r**3 - 5*r**2 + 10*r. List the prime factors of f(h).
2, 7
Let f(x) = -4*x + 1. What are the prime factors of f(-3)?
13
Suppose -h - 8 - 15 = l, h = -4*l - 83. Let x be 12/l - (-84)/(-10). What are the prime factors of 6/9 - 30/x?
2
Let h(y) = -y**3 - 7*y**2 - 6*y + 2. Let f be h(-6). Suppose -5*m + 23 = -f*z, m - 4*z = z. What are the prime factors of m?
5
Let t(o) = o**2 + 11*o + 11. Let l(r) = -3*r**2 - 32*r - 32. Let p(x) = 4*l(x) + 11*t(x). List the prime factors of p(-5).
3
Let v be 18/8 - 9/(-12). Suppose -y + 24 = v*y. List the prime factors 